{"id":94,"date":"2023-01-29T20:55:56","date_gmt":"2023-01-29T20:55:56","guid":{"rendered":"https:\/\/test.matijevic.top\/?page_id=94"},"modified":"2026-03-01T14:53:05","modified_gmt":"2026-03-01T14:53:05","slug":"domaca-stran","status":"publish","type":"page","link":"https:\/\/sirarna-bukovec.si\/","title":{"rendered":"Doma\u010da stran"},"content":{"rendered":"\t\t<div data-elementor-type=\"wp-page\" data-elementor-id=\"94\" class=\"elementor elementor-94\">\n\t\t\t\t\t\t<section class=\"elementor-section elementor-top-section elementor-element elementor-element-29ea2132 elementor-section-boxed elementor-section-height-default elementor-section-height-default\" data-id=\"29ea2132\" data-element_type=\"section\">\n\t\t\t\t\t\t<div class=\"elementor-container elementor-column-gap-default\">\n\t\t\t\t\t<div class=\"elementor-column elementor-col-100 elementor-top-column elementor-element elementor-element-10c27cd2\" data-id=\"10c27cd2\" data-element_type=\"column\">\n\t\t\t<div class=\"elementor-widget-wrap elementor-element-populated\">\n\t\t\t\t\t\t<div class=\"elementor-element elementor-element-800d093 elementor-widget elementor-widget-text-editor\" data-id=\"800d093\" data-element_type=\"widget\" data-widget_type=\"text-editor.default\">\n\t\t\t\t<div class=\"elementor-widget-container\">\n\t\t\t<style>\/*! elementor - v3.19.0 - 26-02-2024 *\/\n.elementor-widget-text-editor.elementor-drop-cap-view-stacked .elementor-drop-cap{background-color:#69727d;color:#fff}.elementor-widget-text-editor.elementor-drop-cap-view-framed .elementor-drop-cap{color:#69727d;border:3px solid;background-color:transparent}.elementor-widget-text-editor:not(.elementor-drop-cap-view-default) .elementor-drop-cap{margin-top:8px}.elementor-widget-text-editor:not(.elementor-drop-cap-view-default) .elementor-drop-cap-letter{width:1em;height:1em}.elementor-widget-text-editor .elementor-drop-cap{float:left;text-align:center;line-height:1;font-size:50px}.elementor-widget-text-editor .elementor-drop-cap-letter{display:inline-block}<\/style>\t\t\t\t<p><!-- wp:cover {\"url\":\"https:\/\/sirarna-bukovec.si\/wp-content\/uploads\/2023\/01\/shopping-cart-cropped.jpg\",\"id\":123,\"dimRatio\":0,\"isDark\":false} --><\/p>\n<div class=\"wp-block-cover is-light\"><p><img fetchpriority=\"high\" decoding=\"async\" width=\"2048\" height=\"1280\" class=\"wp-block-cover__image-background wp-image-123\" src=\"https:\/\/sirarna-bukovec.si\/wp-content\/uploads\/2023\/01\/shopping-cart-cropped.jpg\" alt=\"\" data-object-fit=\"cover\" srcset=\"https:\/\/sirarna-bukovec.si\/wp-content\/uploads\/2023\/01\/shopping-cart-cropped.jpg 2048w, https:\/\/sirarna-bukovec.si\/wp-content\/uploads\/2023\/01\/shopping-cart-cropped-300x188.jpg 300w, https:\/\/sirarna-bukovec.si\/wp-content\/uploads\/2023\/01\/shopping-cart-cropped-1024x640.jpg 1024w, https:\/\/sirarna-bukovec.si\/wp-content\/uploads\/2023\/01\/shopping-cart-cropped-768x480.jpg 768w, https:\/\/sirarna-bukovec.si\/wp-content\/uploads\/2023\/01\/shopping-cart-cropped-1536x960.jpg 1536w, https:\/\/sirarna-bukovec.si\/wp-content\/uploads\/2023\/01\/shopping-cart-cropped-400x250.jpg 400w, https:\/\/sirarna-bukovec.si\/wp-content\/uploads\/2023\/01\/shopping-cart-cropped-600x375.jpg 600w\" sizes=\"(max-width: 2048px) 100vw, 2048px\" \/><\/p>\n<div class=\"wp-block-cover__inner-container\"><p><!-- wp:paragraph {\"align\":\"center\",\"placeholder\":\"Napi\u0161ite naslov ...\",\"textColor\":\"black\",\"fontSize\":\"large\"} --><\/p>\n<p class=\"has-text-align-center has-black-color has-text-color has-large-font-size\"><strong>Pozdravljeni v na\u0161i spletni trgovini.<\/strong><\/p>\n<p><!-- \/wp:paragraph --><!-- wp:paragraph {\"align\":\"center\",\"textColor\":\"black\",\"fontSize\":\"medium\"} --><\/p>\n<p class=\"has-text-align-center has-black-color has-text-color has-medium-font-size\"><strong>V ponudbi najdete mleko in doma\u010de mle\u010dne izdelke iz kravjega mleka.<\/strong><\/p>\n<p><!-- \/wp:paragraph --><!-- wp:buttons {\"layout\":{\"type\":\"flex\",\"justifyContent\":\"center\"}} --><\/p>\n<div class=\"wp-block-buttons\"><p><!-- wp:button --><\/p>\n<div class=\"wp-block-button\"><a class=\"wp-block-button__link wp-element-button\" href=\"https:\/\/sirarna-bukovec.si\/?post_type=product\">Nakupujte<\/a><\/div>\n<p><!-- \/wp:button --><\/p><\/div>\n<p><!-- \/wp:buttons --><\/p><\/div>\n<\/div>\n<p><!-- \/wp:cover --><!-- wp:heading {\"textAlign\":\"center\"} --><\/p>\n<h2 class=\"wp-block-heading has-text-align-center\"><br><\/h2>\n<p><!-- \/wp:heading --><!-- wp:woocommerce\/product-new \/--><!-- wp:media-text {\"align\":\"wide\",\"mediaPosition\":\"right\",\"mediaId\":523,\"mediaLink\":\"https:\/\/sirarna-bukovec.si\/?attachment_id=523\",\"mediaType\":\"image\"} --><\/p>\n<div class=\"wp-block-media-text alignwide has-media-on-the-right is-stacked-on-mobile\">\n<div class=\"wp-block-media-text__content\"><p><!-- wp:paragraph {\"align\":\"center\",\"placeholder\":\"Vsebina \u2026\",\"fontSize\":\"medium\"} --><\/p>\n<p class=\"has-text-align-center has-medium-font-size\">Vsako soboto brezpla\u010dna dostava na <strong>ZBIRNIH MESTIH:<\/strong>&nbsp;Dobrovnik &#8211; Genterovci &#8211; Dolga vas &#8211; Lendava &#8211; Gaberje &#8211; Kapca &#8211; Hotiza &#8211; \u010cren\u0161ovci &#8211; G.Bistrica &#8211; Sr.Bistrica &#8211; Melinci &#8211; Odranci &#8211; Beltinci &#8211; Lipovci &#8211; Murska Sobota &#8211; Tropovci &#8211; Ti\u0161ina &#8211; Petanjci &#8211; Radenci &#8211; Bun\u010dani &#8211; Ver\u017eej &#8211; Dokle\u017eovje. Vozimo samo <strong>NARO\u010cENE<\/strong> izdelke.<\/p>\n<p><!-- \/wp:paragraph --><\/p><\/div>\n<figure class=\"wp-block-media-text__media\"><img decoding=\"async\" width=\"1024\" height=\"768\" class=\"wp-image-523 size-full\" src=\"https:\/\/sirarna-bukovec.si\/wp-content\/uploads\/2024\/01\/IMG_20231213_102318-01-1024x768.jpeg\" alt=\"\" srcset=\"https:\/\/sirarna-bukovec.si\/wp-content\/uploads\/2024\/01\/IMG_20231213_102318-01-1024x768.jpeg 1024w, https:\/\/sirarna-bukovec.si\/wp-content\/uploads\/2024\/01\/IMG_20231213_102318-01-300x225.jpeg 300w, https:\/\/sirarna-bukovec.si\/wp-content\/uploads\/2024\/01\/IMG_20231213_102318-01-768x576.jpeg 768w, https:\/\/sirarna-bukovec.si\/wp-content\/uploads\/2024\/01\/IMG_20231213_102318-01-1536x1152.jpeg 1536w, https:\/\/sirarna-bukovec.si\/wp-content\/uploads\/2024\/01\/IMG_20231213_102318-01-2048x1536.jpeg 2048w, https:\/\/sirarna-bukovec.si\/wp-content\/uploads\/2024\/01\/IMG_20231213_102318-01-600x450.jpeg 600w\" sizes=\"(max-width: 1024px) 100vw, 1024px\" \/><\/figure>\n<\/div>\n<p><!-- \/wp:media-text --><!-- wp:media-text {\"align\":\"wide\",\"mediaId\":537,\"mediaLink\":\"https:\/\/sirarna-bukovec.si\/?attachment_id=537\",\"mediaType\":\"image\"} --><\/p>\n<div class=\"wp-block-media-text alignwide is-stacked-on-mobile\">\n<figure class=\"wp-block-media-text__media\"><img decoding=\"async\" width=\"628\" height=\"414\" class=\"wp-image-537 size-full\" src=\"https:\/\/sirarna-bukovec.si\/wp-content\/uploads\/2024\/01\/Sirarna-Bukovec.jpeg\" alt=\"\" srcset=\"https:\/\/sirarna-bukovec.si\/wp-content\/uploads\/2024\/01\/Sirarna-Bukovec.jpeg 628w, https:\/\/sirarna-bukovec.si\/wp-content\/uploads\/2024\/01\/Sirarna-Bukovec-300x198.jpeg 300w, https:\/\/sirarna-bukovec.si\/wp-content\/uploads\/2024\/01\/Sirarna-Bukovec-600x396.jpeg 600w\" sizes=\"(max-width: 628px) 100vw, 628px\" \/><\/figure>\n<div class=\"wp-block-media-text__content\"><p><!-- wp:paragraph {\"align\":\"center\",\"placeholder\":\"Vsebina \u2026\",\"fontSize\":\"medium\"} --><\/p>\n<p class=\"has-text-align-center has-medium-font-size\">Smo majhna sirarna v najmanj\u0161i ob\u010dini v Prekmurju &#8211; Kobilje (Kobilje 106, 9227 Kobilje)<\/p>\n<p><!-- \/wp:paragraph --><!-- wp:paragraph --><\/p>\n<p><!-- \/wp:paragraph --><!-- wp:paragraph {\"fontSize\":\"small\"} --><\/p>\n<p class=\"has-small-font-size\">Telefon: 031 862 330 (Aleksandra); 031 585 367 (Borut)<\/p>\n<p><!-- \/wp:paragraph --><!-- wp:paragraph {\"fontSize\":\"small\"} --><\/p>\n<p class=\"has-small-font-size\">e-mail: sirarna.bukovec@gmail.com<\/p>\n<p><!-- \/wp:paragraph --><!-- wp:paragraph {\"fontSize\":\"small\"} --><\/p>\n<p class=\"has-small-font-size\">sledite nam na Facebooku: https:\/\/www.facebook.com\/sirarnabukovec\/<\/p>\n<p><!-- \/wp:paragraph --><\/p><\/div>\n<\/div>\n<p><!-- \/wp:media-text --><!-- wp:media-text {\"align\":\"wide\",\"mediaPosition\":\"right\",\"mediaId\":538,\"mediaLink\":\"https:\/\/sirarna-bukovec.si\/?attachment_id=538\",\"mediaType\":\"image\"} --><\/p>\n<div class=\"wp-block-media-text alignwide has-media-on-the-right is-stacked-on-mobile\">\n<div class=\"wp-block-media-text__content\"><p><!-- wp:verse {\"textAlign\":\"center\",\"fontSize\":\"x-large\"} --><\/p>\n<pre class=\"wp-block-verse has-text-align-center has-x-large-font-size\"><img loading=\"lazy\" decoding=\"async\" width=\"1186\" height=\"592\" class=\"wp-image-461\" style=\"width: 500px;\" src=\"https:\/\/sirarna-bukovec.si\/wp-content\/uploads\/2023\/03\/Mleko-je-darilo-ki-nam-ga-daje-narava..jpg\" alt=\"\" srcset=\"https:\/\/sirarna-bukovec.si\/wp-content\/uploads\/2023\/03\/Mleko-je-darilo-ki-nam-ga-daje-narava..jpg 1186w, https:\/\/sirarna-bukovec.si\/wp-content\/uploads\/2023\/03\/Mleko-je-darilo-ki-nam-ga-daje-narava.-300x150.jpg 300w, https:\/\/sirarna-bukovec.si\/wp-content\/uploads\/2023\/03\/Mleko-je-darilo-ki-nam-ga-daje-narava.-1024x511.jpg 1024w, https:\/\/sirarna-bukovec.si\/wp-content\/uploads\/2023\/03\/Mleko-je-darilo-ki-nam-ga-daje-narava.-768x383.jpg 768w, https:\/\/sirarna-bukovec.si\/wp-content\/uploads\/2023\/03\/Mleko-je-darilo-ki-nam-ga-daje-narava.-600x299.jpg 600w\" sizes=\"(max-width: 1186px) 100vw, 1186px\" \/><\/pre>\n<p><!-- \/wp:verse --><\/p><\/div>\n<figure class=\"wp-block-media-text__media\"><img loading=\"lazy\" decoding=\"async\" width=\"1024\" height=\"715\" class=\"wp-image-538 size-full\" src=\"https:\/\/sirarna-bukovec.si\/wp-content\/uploads\/2024\/01\/Mlecni-izdelki-izprano-1024x715.jpeg\" alt=\"\" srcset=\"https:\/\/sirarna-bukovec.si\/wp-content\/uploads\/2024\/01\/Mlecni-izdelki-izprano-1024x715.jpeg 1024w, https:\/\/sirarna-bukovec.si\/wp-content\/uploads\/2024\/01\/Mlecni-izdelki-izprano-300x209.jpeg 300w, https:\/\/sirarna-bukovec.si\/wp-content\/uploads\/2024\/01\/Mlecni-izdelki-izprano-768x536.jpeg 768w, https:\/\/sirarna-bukovec.si\/wp-content\/uploads\/2024\/01\/Mlecni-izdelki-izprano-1536x1072.jpeg 1536w, https:\/\/sirarna-bukovec.si\/wp-content\/uploads\/2024\/01\/Mlecni-izdelki-izprano-2048x1429.jpeg 2048w, https:\/\/sirarna-bukovec.si\/wp-content\/uploads\/2024\/01\/Mlecni-izdelki-izprano-600x419.jpeg 600w\" sizes=\"(max-width: 1024px) 100vw, 1024px\" \/><\/figure>\n<\/div>\n<p><!-- \/wp:media-text --><!-- wp:woocommerce\/featured-product \/--><\/p>\t\t\t\t\t\t<\/div>\n\t\t\t\t<\/div>\n\t\t\t\t\t<\/div>\n\t\t<\/div>\n\t\t\t\t\t<\/div>\n\t\t<\/section>\n\t\t\t\t<\/div>\n\t\t","protected":false},"excerpt":{"rendered":"<p>Vsako soboto brezpla\u010dna dostava na ZBIRNIH MESTIH:&nbsp;Dobrovnik &#8211; Genterovci &#8211; Dolga vas &#8211; Lendava &#8211; Gaberje &#8211; Kapca &#8211; Hotiza &#8211; \u010cren\u0161ovci &#8211; G.Bistrica &#8211; Sr.Bistrica &#8211; Melinci &#8211; Odranci &#8211; Beltinci &#8211; Lipovci &#8211; Murska Sobota &#8211; Tropovci &#8211; Ti\u0161ina &#8211; Petanjci &#8211; Radenci &#8211; Bun\u010dani &#8211; Ver\u017eej &#8211; Dokle\u017eovje. Vozimo samo NARO\u010cENE izdelke. [&hellip;]<\/p>\n","protected":false},"author":2,"featured_media":0,"parent":0,"menu_order":0,"comment_status":"closed","ping_status":"closed","template":"","meta":{"footnotes":""},"aioseo_notices":[],"featured_image_urls":{"full":"","thumbnail":"","medium":"","medium_large":"","large":"","1536x1536":"","2048x2048":"","fhotel-food-lite-home-box-size":"","woocommerce_thumbnail":"","woocommerce_single":"","woocommerce_gallery_thumbnail":""},"post_excerpt_stackable":"<p>Pozdravljeni v na\u0161i spletni trgovini. V ponudbi najdete mleko in doma\u010de mle\u010dne izdelke iz kravjega mleka. Nakupujte Sir za \u017ear 3,00&euro; Dodaj v ko\u0161arico Navadni jogurt, 250g 0,80&euro; &ndash; 3,40&euro; Izberite mo\u017enosti Sadni jogurt, 250g 0,95&euro; Mo\u017enosti Gr\u0161ki jogurt, 250g 1,50&euro; &ndash; 6,20&euro; Izberite mo\u017enosti Skuta 3,50&euro; &ndash; 7,00&euro; Izberite mo\u017enosti Pasirana skuta, 500g 2,50&euro; Dodaj v ko\u0161arico Skutni namaz, 180g 1,10&euro; Mo\u017enosti Kisla smetana, 250g 1,60&euro; &ndash; 3,60&euro; Izberite mo\u017enosti Kislo mleko, 1l 1,80&euro; &ndash; 2,40&euro; Izberite mo\u017enosti Vsako soboto brezpla\u010dna dostava na ZBIRNIH MESTIH:&nbsp;Dobrovnik &#8211; Genterovci &#8211; Dolga vas &#8211; Lendava &#8211; Gaberje &#8211; Kapca &#8211; Hotiza &#8211;&hellip;<\/p>\n","category_list":"","author_info":{"name":"Aleksandra Novak","url":"https:\/\/sirarna-bukovec.si\/?author=2"},"comments_num":"0 comments","_links":{"self":[{"href":"https:\/\/sirarna-bukovec.si\/index.php?rest_route=\/wp\/v2\/pages\/94"}],"collection":[{"href":"https:\/\/sirarna-bukovec.si\/index.php?rest_route=\/wp\/v2\/pages"}],"about":[{"href":"https:\/\/sirarna-bukovec.si\/index.php?rest_route=\/wp\/v2\/types\/page"}],"author":[{"embeddable":true,"href":"https:\/\/sirarna-bukovec.si\/index.php?rest_route=\/wp\/v2\/users\/2"}],"replies":[{"embeddable":true,"href":"https:\/\/sirarna-bukovec.si\/index.php?rest_route=%2Fwp%2Fv2%2Fcomments&post=94"}],"version-history":[{"count":22,"href":"https:\/\/sirarna-bukovec.si\/index.php?rest_route=\/wp\/v2\/pages\/94\/revisions"}],"predecessor-version":[{"id":901,"href":"https:\/\/sirarna-bukovec.si\/index.php?rest_route=\/wp\/v2\/pages\/94\/revisions\/901"}],"wp:attachment":[{"href":"https:\/\/sirarna-bukovec.si\/index.php?rest_route=%2Fwp%2Fv2%2Fmedia&parent=94"}],"curies":[{"name":"wp","href":"https:\/\/api.w.org\/{rel}","templated":true}]}}